{"id":12,"date":"2021-12-31T09:48:08","date_gmt":"2021-12-31T09:48:08","guid":{"rendered":"https:\/\/www.bluespineclinic.fi\/?page_id=12"},"modified":"2022-10-10T14:28:36","modified_gmt":"2022-10-10T11:28:36","slug":"ota-yhteytta","status":"publish","type":"page","link":"https:\/\/www.bluespineclinic.fi\/index.php\/ota-yhteytta\/","title":{"rendered":"Ota yhteytt\u00e4"},"content":{"rendered":"\n<h2 id=\"yhteystiedot\">Yhteystiedot<\/h2>\n\n\n\n<p>Puh. numero: +358 40 500 1472<\/p>\n\n\n\n<p>S\u00e4hk\u00f6posti: helja@bluespineclinic.fi<\/p>\n\n\n\n<p><\/p>\n\n\n\n<p><\/p>\n\n\n\n<h2 id=\"osoite\">Osoite<\/h2>\n\n\n\n<p>Tanotorventie 10 a<\/p>\n\n\n\n<p>00420 Helsinki<\/p>\n\n\n\n<p><\/p>\n\n\n\n<p><\/p>\n\n\n\n<h2 id=\"aukioloajat\">Aukioloajat<\/h2>\n\n\n\n<p>Olen tavoitettavissa maanantaista perjantaihin kello 9.00-18.00. Toimipisteeni on kuitenkin auki vain ajanvarauksella. Ajan voi varata <a rel=\"noreferrer noopener\" href=\"https:\/\/nettivaraus5.ajas.fi\/ajanvaraus.php?lid=ea4767caaa1d\" data-type=\"URL\" data-id=\"https:\/\/nettivaraus5.ajas.fi\/ajanvaraus.php?lid=ea4767caaa1d\" target=\"_blank\">netist\u00e4<\/a>, puhelimella (+358 40 5001472)  tai s\u00e4hk\u00f6postilla (helja@bluespineclinic.fi).<\/p>\n\n\n\n<p><\/p>\n\n\n\n<p><\/p>\n\n\n\n<h2 id=\"saapuminen-ja-pysakointi\">Saapuminen ja pys\u00e4k\u00f6inti<\/h2>\n\n\n\n<p>Toimitila sijaitsee osoitteessa Tanotorventie 10 a. Rakennus on vaalea omakotitalo ja yrityksen sis\u00e4\u00e4nk\u00e4ynti on talon Tanotorventien puoleisella sivulla. Teilt\u00e4 katsottuna parkkipaikan vasemmasta reunasta laskeutuvat portaat alas valkoiselle ovelle, joka on vastaanoton sis\u00e4\u00e4nk\u00e4ynti. Ovi on auki noin 5 minuuttia ennen sovittua aikaa. Tiloissa ei ole odotushuonetta, joten tulethan t\u00e4sm\u00e4llisesti omalla ajallasi. <\/p>\n\n\n\n<p>Mik\u00e4li tulet autolla, niin sen voit pys\u00e4k\u00f6id\u00e4 tielle talon puolelle kohtaan, jossa se ei ole pihoista l\u00e4htevien autojen tiell\u00e4. Toinen puoli tiest\u00e4 on kokonaan pys\u00e4k\u00f6intikielto aluetta, joten j\u00e4t\u00e4th\u00e4n autosi vain talon puolelle tiet\u00e4. \u00c4l\u00e4 j\u00e4t\u00e4 autoa omakotitalon hiekka-parkkipaikalle.<\/p>\n\n\n\n<div class=\"is-layout-flow wp-block-group\"><div class=\"wp-block-group__inner-container\"><\/div><\/div>\n\n\n\n<div class=\"is-layout-flow wp-block-group\"><div class=\"wp-block-group__inner-container\">\n<figure class=\"wp-block-image size-large is-resized\"><img decoding=\"async\" loading=\"lazy\" src=\"https:\/\/www.bluespineclinic.fi\/wp-content\/uploads\/2021\/12\/Screenshot_2017-12-12-20-46-19-1-3-910x1024.png\" alt=\"\" class=\"wp-image-40\" width=\"387\" height=\"435\" srcset=\"https:\/\/www.bluespineclinic.fi\/wp-content\/uploads\/2021\/12\/Screenshot_2017-12-12-20-46-19-1-3-910x1024.png 910w, https:\/\/www.bluespineclinic.fi\/wp-content\/uploads\/2021\/12\/Screenshot_2017-12-12-20-46-19-1-3-267x300.png 267w, https:\/\/www.bluespineclinic.fi\/wp-content\/uploads\/2021\/12\/Screenshot_2017-12-12-20-46-19-1-3-768x864.png 768w, https:\/\/www.bluespineclinic.fi\/wp-content\/uploads\/2021\/12\/Screenshot_2017-12-12-20-46-19-1-3.png 1080w\" sizes=\"(max-width: 387px) 100vw, 387px\" \/><\/figure>\n\n\n\n<figure class=\"wp-block-image size-large is-resized\"><img decoding=\"async\" loading=\"lazy\" src=\"https:\/\/www.bluespineclinic.fi\/wp-content\/uploads\/2022\/05\/20220503_103838-1-768x1024.jpg\" alt=\"\" class=\"wp-image-264\" width=\"341\" height=\"455\" srcset=\"https:\/\/www.bluespineclinic.fi\/wp-content\/uploads\/2022\/05\/20220503_103838-1-768x1024.jpg 768w, https:\/\/www.bluespineclinic.fi\/wp-content\/uploads\/2022\/05\/20220503_103838-1-225x300.jpg 225w, https:\/\/www.bluespineclinic.fi\/wp-content\/uploads\/2022\/05\/20220503_103838-1-1152x1536.jpg 1152w, https:\/\/www.bluespineclinic.fi\/wp-content\/uploads\/2022\/05\/20220503_103838-1-1536x2048.jpg 1536w, https:\/\/www.bluespineclinic.fi\/wp-content\/uploads\/2022\/05\/20220503_103838-1-scaled.jpg 1920w\" sizes=\"(max-width: 341px) 100vw, 341px\" \/><\/figure>\n<\/div><\/div>\n","protected":false},"excerpt":{"rendered":"<p>Yhteystiedot Puh. numero: +358 40 500 1472 S\u00e4hk\u00f6posti: helja@bluespineclinic.fi Osoite Tanotorventie 10 a 00420 Helsinki Aukioloajat Olen tavoitettavissa maanantaista perjantaihin kello 9.00-18.00. Toimipisteeni on kuitenkin auki vain ajanvarauksella. Ajan voi varata netist\u00e4, puhelimella (+358 40 5001472) tai s\u00e4hk\u00f6postilla (helja@bluespineclinic.fi). Saapuminen ja pys\u00e4k\u00f6inti Toimitila sijaitsee osoitteessa Tanotorventie 10 a. Rakennus on vaalea omakotitalo ja yrityksen sis\u00e4\u00e4nk\u00e4ynti [&hellip;]<\/p>\n","protected":false},"author":1,"featured_media":7,"parent":0,"menu_order":0,"comment_status":"closed","ping_status":"closed","template":"","meta":[],"_links":{"self":[{"href":"https:\/\/www.bluespineclinic.fi\/index.php\/wp-json\/wp\/v2\/pages\/12"}],"collection":[{"href":"https:\/\/www.bluespineclinic.fi\/index.php\/wp-json\/wp\/v2\/pages"}],"about":[{"href":"https:\/\/www.bluespineclinic.fi\/index.php\/wp-json\/wp\/v2\/types\/page"}],"author":[{"embeddable":true,"href":"https:\/\/www.bluespineclinic.fi\/index.php\/wp-json\/wp\/v2\/users\/1"}],"replies":[{"embeddable":true,"href":"https:\/\/www.bluespineclinic.fi\/index.php\/wp-json\/wp\/v2\/comments?post=12"}],"version-history":[{"count":10,"href":"https:\/\/www.bluespineclinic.fi\/index.php\/wp-json\/wp\/v2\/pages\/12\/revisions"}],"predecessor-version":[{"id":265,"href":"https:\/\/www.bluespineclinic.fi\/index.php\/wp-json\/wp\/v2\/pages\/12\/revisions\/265"}],"wp:featuredmedia":[{"embeddable":true,"href":"https:\/\/www.bluespineclinic.fi\/index.php\/wp-json\/wp\/v2\/media\/7"}],"wp:attachment":[{"href":"https:\/\/www.bluespineclinic.fi\/index.php\/wp-json\/wp\/v2\/media?parent=12"}],"curies":[{"name":"wp","href":"https:\/\/api.w.org\/{rel}","templated":true}]}}