{"id":160,"date":"2022-02-13T16:43:00","date_gmt":"2022-02-13T14:43:00","guid":{"rendered":"https:\/\/www.bluespineclinic.fi\/?page_id=160"},"modified":"2022-02-13T17:04:01","modified_gmt":"2022-02-13T15:04:01","slug":"nivelten-kasittely-manipulaatio-ja-mobilisaatio","status":"publish","type":"page","link":"https:\/\/www.bluespineclinic.fi\/index.php\/palvelut-2\/nivelten-kasittely-manipulaatio-ja-mobilisaatio\/","title":{"rendered":"Nivelten k\u00e4sittely: manipulaatio ja mobilisaatio."},"content":{"rendered":"\n<figure class=\"wp-block-image size-large is-resized\"><img decoding=\"async\" loading=\"lazy\" src=\"https:\/\/www.bluespineclinic.fi\/wp-content\/uploads\/2022\/02\/shutterstock_662506558-1-1024x683.jpg\" alt=\"\" class=\"wp-image-171\" width=\"596\" height=\"397\" srcset=\"https:\/\/www.bluespineclinic.fi\/wp-content\/uploads\/2022\/02\/shutterstock_662506558-1-1024x683.jpg 1024w, https:\/\/www.bluespineclinic.fi\/wp-content\/uploads\/2022\/02\/shutterstock_662506558-1-300x200.jpg 300w, https:\/\/www.bluespineclinic.fi\/wp-content\/uploads\/2022\/02\/shutterstock_662506558-1-768x512.jpg 768w, https:\/\/www.bluespineclinic.fi\/wp-content\/uploads\/2022\/02\/shutterstock_662506558-1-1536x1024.jpg 1536w, https:\/\/www.bluespineclinic.fi\/wp-content\/uploads\/2022\/02\/shutterstock_662506558-1-2048x1365.jpg 2048w\" sizes=\"(max-width: 596px) 100vw, 596px\" \/><\/figure>\n\n\n\n<p>Nivelet voivat joskus j\u00e4ykisty\u00e4 muun muassa liikkumattomuuden, sairauden tai vamman seurauksena. Nivelten j\u00e4ykkyys kuitenkin usein aiheuttaa oireilua ja kipua kyseisess\u00e4 niveless\u00e4, kuin my\u00f6s ymp\u00e4r\u00f6iviss\u00e4 kudoksissa kuten lihaksessa ja nivelsiteiss\u00e4. T\u00e4st\u00e4 syyst\u00e4 liikaa ja ep\u00e4normaalia nivelten j\u00e4ykkyytt\u00e4 tulisikin pyrki\u00e4 hoitamaan. Nivelten k\u00e4sittelyll\u00e4 ja hoitamisella pyrit\u00e4\u00e4n juuri t\u00e4h\u00e4n. Tapoja on p\u00e4\u00e4s\u00e4\u00e4nt\u00f6isesti kaksi: nivelten mobilisaatio tai nivelten manipulaatio. Tavat ovat kesken\u00e4\u00e4n eritt\u00e4in samanlaisia. <\/p>\n\n\n\n<p><strong>Nivel mobilisaatio<\/strong> tarkoitaa nivelen liikuttamista, yleens\u00e4 nimenomaan manuaaliterapeutin toimesta. P\u00e4\u00e4s\u00e4\u00e4nt\u00f6isesti nivelt\u00e4 liikutetaan suuntiin, joihin nivel on j\u00e4ykk\u00e4 pyrkien n\u00e4in lis\u00e4\u00e4m\u00e4\u00e4n nivelen liikkuvuutta kyseiseen suuntaan. Sen voi my\u00f6s ajatella nivelkapselin venytt\u00e4misell\u00e4. Mobilisaatio on melko hell\u00e4varainen tekniikka, jossa nivelen liikkuvuutta pyrit\u00e4\u00e4n lis\u00e4\u00e4m\u00e4\u00e4n j\u00e4ykistyneeseen suuntaan, mutta pikkuhiljaa. Nivelt\u00e4 voi my\u00f6s mobilisoida muihin kuin j\u00e4ykk\u00e4\u00e4n suuntaan, t\u00e4m\u00e4 voi my\u00f6s joissain tapauksissa edist\u00e4\u00e4 nivelen liikkuvuutta j\u00e4ykistyneeseen suuntaan.<\/p>\n\n\n\n<p><strong>Nivel manipulaatio<\/strong> on moblisaatiota vetyn\u00e4 viel\u00e4 asteen pidemm\u00e4lle. Manipulaatio alkaa samoin kuin mobilisaatio, eli nivelt\u00e4 kiristet\u00e4\u00e4n suuntaan johon se on j\u00e4ykk\u00e4. Erona n\u00e4iden kahden v\u00e4lill\u00e4 on t\u00e4ss\u00e4 vaiheessa manipulaatiossa tapahtuva pieni impulssi kiristyneeseen suuntaan. T\u00e4m\u00e4 saattaa aiheuttaa &#8221;rusahtavan&#8221; tai &#8221;napsahtavan&#8221; \u00e4\u00e4nen kuulumisen nivelest\u00e4 nopean venytyksen seurauksena.<\/p>\n\n\n\n<p>Molemmille tekniikoille on omat k\u00e4ytt\u00f6tarkoituksensa- ja aiheensa, my\u00f6s asiakkaalla on aina oikeus osallistua oman hoitomuotonsa valintaan. Monet manuaaliterapeutit kuten osteopaatit, naprapaatit ja kiropraktikot k\u00e4ytt\u00e4v\u00e4t nivelk\u00e4sittelyj\u00e4. Tapoja ja tekniikoita on my\u00f6s monia, mutta t\u00e4rkeint\u00e4 aina ennen mink\u00e4 tahansa hoitomuodon k\u00e4ytt\u00f6\u00e4 on asiakkaan hyv\u00e4 haastattelu ja tutkiminen. <\/p>\n","protected":false},"excerpt":{"rendered":"<p>Nivelet voivat joskus j\u00e4ykisty\u00e4 muun muassa liikkumattomuuden, sairauden tai vamman seurauksena. Nivelten j\u00e4ykkyys kuitenkin usein aiheuttaa oireilua ja kipua kyseisess\u00e4 niveless\u00e4, kuin my\u00f6s ymp\u00e4r\u00f6iviss\u00e4 kudoksissa kuten lihaksessa ja nivelsiteiss\u00e4. T\u00e4st\u00e4 syyst\u00e4 liikaa ja ep\u00e4normaalia nivelten j\u00e4ykkyytt\u00e4 tulisikin pyrki\u00e4 hoitamaan. Nivelten k\u00e4sittelyll\u00e4 ja hoitamisella pyrit\u00e4\u00e4n juuri t\u00e4h\u00e4n. Tapoja on p\u00e4\u00e4s\u00e4\u00e4nt\u00f6isesti kaksi: nivelten mobilisaatio tai nivelten manipulaatio. [&hellip;]<\/p>\n","protected":false},"author":1,"featured_media":0,"parent":165,"menu_order":1,"comment_status":"closed","ping_status":"closed","template":"","meta":[],"_links":{"self":[{"href":"https:\/\/www.bluespineclinic.fi\/index.php\/wp-json\/wp\/v2\/pages\/160"}],"collection":[{"href":"https:\/\/www.bluespineclinic.fi\/index.php\/wp-json\/wp\/v2\/pages"}],"about":[{"href":"https:\/\/www.bluespineclinic.fi\/index.php\/wp-json\/wp\/v2\/types\/page"}],"author":[{"embeddable":true,"href":"https:\/\/www.bluespineclinic.fi\/index.php\/wp-json\/wp\/v2\/users\/1"}],"replies":[{"embeddable":true,"href":"https:\/\/www.bluespineclinic.fi\/index.php\/wp-json\/wp\/v2\/comments?post=160"}],"version-history":[{"count":2,"href":"https:\/\/www.bluespineclinic.fi\/index.php\/wp-json\/wp\/v2\/pages\/160\/revisions"}],"predecessor-version":[{"id":173,"href":"https:\/\/www.bluespineclinic.fi\/index.php\/wp-json\/wp\/v2\/pages\/160\/revisions\/173"}],"up":[{"embeddable":true,"href":"https:\/\/www.bluespineclinic.fi\/index.php\/wp-json\/wp\/v2\/pages\/165"}],"wp:attachment":[{"href":"https:\/\/www.bluespineclinic.fi\/index.php\/wp-json\/wp\/v2\/media?parent=160"}],"curies":[{"name":"wp","href":"https:\/\/api.w.org\/{rel}","templated":true}]}}